{"id":2137,"date":"2021-04-10T16:25:13","date_gmt":"2021-04-10T16:25:13","guid":{"rendered":"https:\/\/dentist-zahnarzt-mallorca.eu\/servicios\/servicio-dental-para-veraneantes\/"},"modified":"2023-04-05T08:14:20","modified_gmt":"2023-04-05T08:14:20","slug":"servicio-dental-para-veraneantes","status":"publish","type":"page","link":"https:\/\/dentist-zahnarzt-mallorca.eu\/es\/servicios\/servicio-dental-para-veraneantes\/","title":{"rendered":"Servicio dental para veraneantes"},"content":{"rendered":"<p><strong>\u00bfProblemas dentales en Mallorca? No hay problema. Tambi\u00e9n atendemos a turistas con seguro m\u00e9dico alem\u00e1n obligatorio.<\/strong><\/p>\n<p>Por supuesto, le ayudaremos de forma r\u00e1pida y directa en caso de molestias dentales agudas para que pueda seguir disfrutando de sus vacaciones con unos dientes bonitos y sanos. Su bienestar es nuestra prioridad. Recibir\u00e1 una factura que s\u00f3lo tendr\u00e1 que presentar en su domicilio a su compa\u00f1\u00eda de seguros m\u00e9dicos.<\/p>\n","protected":false},"excerpt":{"rendered":"<p>\u00bfProblemas dentales en Mallorca? No hay problema. Tambi\u00e9n atendemos a turistas con seguro m\u00e9dico alem\u00e1n obligatorio. Por supuesto, le ayudaremos de forma r\u00e1pida y directa en caso de molestias dentales agudas para que pueda seguir disfrutando de sus vacaciones con unos dientes bonitos y sanos. Su bienestar es nuestra prioridad. Recibir\u00e1 una factura que s\u00f3lo<\/p>\n","protected":false},"author":1,"featured_media":1688,"parent":2119,"menu_order":0,"comment_status":"closed","ping_status":"closed","template":"page-fullwidth.php","meta":[],"yoast_head":"<!-- This site is optimized with the Yoast SEO plugin v20.9 - https:\/\/yoast.com\/wordpress\/plugins\/seo\/ -->\n<title>Servicio dental para veraneantes - Zahnarztpraxis Holistic Dentistry Mallorca<\/title>\n<meta name=\"robots\" content=\"index, follow, max-snippet:-1, max-image-preview:large, max-video-preview:-1\" \/>\n<link rel=\"canonical\" href=\"https:\/\/dentist-zahnarzt-mallorca.eu\/es\/servicios\/servicio-dental-para-veraneantes\/\" \/>\n<meta property=\"og:locale\" content=\"es_ES\" \/>\n<meta property=\"og:type\" content=\"article\" \/>\n<meta property=\"og:title\" content=\"Servicio dental para veraneantes - Zahnarztpraxis Holistic Dentistry Mallorca\" \/>\n<meta property=\"og:description\" content=\"\u00bfProblemas dentales en Mallorca? No hay problema. Tambi\u00e9n atendemos a turistas con seguro m\u00e9dico alem\u00e1n obligatorio. Por supuesto, le ayudaremos de forma r\u00e1pida y directa en caso de molestias dentales agudas para que pueda seguir disfrutando de sus vacaciones con unos dientes bonitos y sanos. Su bienestar es nuestra prioridad. Recibir\u00e1 una factura que s\u00f3lo\" \/>\n<meta property=\"og:url\" content=\"https:\/\/dentist-zahnarzt-mallorca.eu\/es\/servicios\/servicio-dental-para-veraneantes\/\" \/>\n<meta property=\"og:site_name\" content=\"Zahnarztpraxis Holistic Dentistry Mallorca\" \/>\n<meta property=\"article:modified_time\" content=\"2023-04-05T08:14:20+00:00\" \/>\n<meta property=\"og:image\" content=\"https:\/\/dentist-zahnarzt-mallorca.eu\/wp-content\/uploads\/2023\/02\/Ganzheitliche-Zahnpflege-Dr-Annette-Larws-Mallorca.jpg\" \/>\n\t<meta property=\"og:image:width\" content=\"1920\" \/>\n\t<meta property=\"og:image:height\" content=\"550\" \/>\n\t<meta property=\"og:image:type\" content=\"image\/jpeg\" \/>\n<meta name=\"twitter:card\" content=\"summary_large_image\" \/>\n<script type=\"application\/ld+json\" class=\"yoast-schema-graph\">{\"@context\":\"https:\/\/schema.org\",\"@graph\":[{\"@type\":\"WebPage\",\"@id\":\"https:\/\/dentist-zahnarzt-mallorca.eu\/es\/servicios\/servicio-dental-para-veraneantes\/\",\"url\":\"https:\/\/dentist-zahnarzt-mallorca.eu\/es\/servicios\/servicio-dental-para-veraneantes\/\",\"name\":\"Servicio dental para veraneantes - Zahnarztpraxis Holistic Dentistry Mallorca\",\"isPartOf\":{\"@id\":\"https:\/\/dentist-zahnarzt-mallorca.eu\/#website\"},\"datePublished\":\"2021-04-10T16:25:13+00:00\",\"dateModified\":\"2023-04-05T08:14:20+00:00\",\"breadcrumb\":{\"@id\":\"https:\/\/dentist-zahnarzt-mallorca.eu\/es\/servicios\/servicio-dental-para-veraneantes\/#breadcrumb\"},\"inLanguage\":\"es\",\"potentialAction\":[{\"@type\":\"ReadAction\",\"target\":[\"https:\/\/dentist-zahnarzt-mallorca.eu\/es\/servicios\/servicio-dental-para-veraneantes\/\"]}]},{\"@type\":\"BreadcrumbList\",\"@id\":\"https:\/\/dentist-zahnarzt-mallorca.eu\/es\/servicios\/servicio-dental-para-veraneantes\/#breadcrumb\",\"itemListElement\":[{\"@type\":\"ListItem\",\"position\":1,\"name\":\"Startseite\",\"item\":\"https:\/\/dentist-zahnarzt-mallorca.eu\/\"},{\"@type\":\"ListItem\",\"position\":2,\"name\":\"Servicios\",\"item\":\"https:\/\/dentist-zahnarzt-mallorca.eu\/es\/servicios\/\"},{\"@type\":\"ListItem\",\"position\":3,\"name\":\"Servicio dental para veraneantes\"}]},{\"@type\":\"WebSite\",\"@id\":\"https:\/\/dentist-zahnarzt-mallorca.eu\/#website\",\"url\":\"https:\/\/dentist-zahnarzt-mallorca.eu\/\",\"name\":\"Zahnarztpraxis Holistic Dentistry Mallorca\",\"description\":\"Clinica Dental Mallorca\",\"publisher\":{\"@id\":\"https:\/\/dentist-zahnarzt-mallorca.eu\/#organization\"},\"potentialAction\":[{\"@type\":\"SearchAction\",\"target\":{\"@type\":\"EntryPoint\",\"urlTemplate\":\"https:\/\/dentist-zahnarzt-mallorca.eu\/?s={search_term_string}\"},\"query-input\":\"required name=search_term_string\"}],\"inLanguage\":\"es\"},{\"@type\":\"Organization\",\"@id\":\"https:\/\/dentist-zahnarzt-mallorca.eu\/#organization\",\"name\":\"Zahnarztpraxis Holistic Dentistry Mallorca\",\"url\":\"https:\/\/dentist-zahnarzt-mallorca.eu\/\",\"logo\":{\"@type\":\"ImageObject\",\"inLanguage\":\"es\",\"@id\":\"https:\/\/dentist-zahnarzt-mallorca.eu\/#\/schema\/logo\/image\/\",\"url\":\"https:\/\/dentist-zahnarzt-mallorca.eu\/wp-content\/uploads\/2023\/02\/apple-touch-icon.png\",\"contentUrl\":\"https:\/\/dentist-zahnarzt-mallorca.eu\/wp-content\/uploads\/2023\/02\/apple-touch-icon.png\",\"width\":180,\"height\":180,\"caption\":\"Zahnarztpraxis Holistic Dentistry Mallorca\"},\"image\":{\"@id\":\"https:\/\/dentist-zahnarzt-mallorca.eu\/#\/schema\/logo\/image\/\"}}]}<\/script>\n<!-- \/ Yoast SEO plugin. -->","yoast_head_json":{"title":"Servicio dental para veraneantes - Zahnarztpraxis Holistic Dentistry Mallorca","robots":{"index":"index","follow":"follow","max-snippet":"max-snippet:-1","max-image-preview":"max-image-preview:large","max-video-preview":"max-video-preview:-1"},"canonical":"https:\/\/dentist-zahnarzt-mallorca.eu\/es\/servicios\/servicio-dental-para-veraneantes\/","og_locale":"es_ES","og_type":"article","og_title":"Servicio dental para veraneantes - Zahnarztpraxis Holistic Dentistry Mallorca","og_description":"\u00bfProblemas dentales en Mallorca? No hay problema. Tambi\u00e9n atendemos a turistas con seguro m\u00e9dico alem\u00e1n obligatorio. Por supuesto, le ayudaremos de forma r\u00e1pida y directa en caso de molestias dentales agudas para que pueda seguir disfrutando de sus vacaciones con unos dientes bonitos y sanos. Su bienestar es nuestra prioridad. Recibir\u00e1 una factura que s\u00f3lo","og_url":"https:\/\/dentist-zahnarzt-mallorca.eu\/es\/servicios\/servicio-dental-para-veraneantes\/","og_site_name":"Zahnarztpraxis Holistic Dentistry Mallorca","article_modified_time":"2023-04-05T08:14:20+00:00","og_image":[{"width":1920,"height":550,"url":"https:\/\/dentist-zahnarzt-mallorca.eu\/wp-content\/uploads\/2023\/02\/Ganzheitliche-Zahnpflege-Dr-Annette-Larws-Mallorca.jpg","type":"image\/jpeg"}],"twitter_card":"summary_large_image","schema":{"@context":"https:\/\/schema.org","@graph":[{"@type":"WebPage","@id":"https:\/\/dentist-zahnarzt-mallorca.eu\/es\/servicios\/servicio-dental-para-veraneantes\/","url":"https:\/\/dentist-zahnarzt-mallorca.eu\/es\/servicios\/servicio-dental-para-veraneantes\/","name":"Servicio dental para veraneantes - Zahnarztpraxis Holistic Dentistry Mallorca","isPartOf":{"@id":"https:\/\/dentist-zahnarzt-mallorca.eu\/#website"},"datePublished":"2021-04-10T16:25:13+00:00","dateModified":"2023-04-05T08:14:20+00:00","breadcrumb":{"@id":"https:\/\/dentist-zahnarzt-mallorca.eu\/es\/servicios\/servicio-dental-para-veraneantes\/#breadcrumb"},"inLanguage":"es","potentialAction":[{"@type":"ReadAction","target":["https:\/\/dentist-zahnarzt-mallorca.eu\/es\/servicios\/servicio-dental-para-veraneantes\/"]}]},{"@type":"BreadcrumbList","@id":"https:\/\/dentist-zahnarzt-mallorca.eu\/es\/servicios\/servicio-dental-para-veraneantes\/#breadcrumb","itemListElement":[{"@type":"ListItem","position":1,"name":"Startseite","item":"https:\/\/dentist-zahnarzt-mallorca.eu\/"},{"@type":"ListItem","position":2,"name":"Servicios","item":"https:\/\/dentist-zahnarzt-mallorca.eu\/es\/servicios\/"},{"@type":"ListItem","position":3,"name":"Servicio dental para veraneantes"}]},{"@type":"WebSite","@id":"https:\/\/dentist-zahnarzt-mallorca.eu\/#website","url":"https:\/\/dentist-zahnarzt-mallorca.eu\/","name":"Zahnarztpraxis Holistic Dentistry Mallorca","description":"Clinica Dental Mallorca","publisher":{"@id":"https:\/\/dentist-zahnarzt-mallorca.eu\/#organization"},"potentialAction":[{"@type":"SearchAction","target":{"@type":"EntryPoint","urlTemplate":"https:\/\/dentist-zahnarzt-mallorca.eu\/?s={search_term_string}"},"query-input":"required name=search_term_string"}],"inLanguage":"es"},{"@type":"Organization","@id":"https:\/\/dentist-zahnarzt-mallorca.eu\/#organization","name":"Zahnarztpraxis Holistic Dentistry Mallorca","url":"https:\/\/dentist-zahnarzt-mallorca.eu\/","logo":{"@type":"ImageObject","inLanguage":"es","@id":"https:\/\/dentist-zahnarzt-mallorca.eu\/#\/schema\/logo\/image\/","url":"https:\/\/dentist-zahnarzt-mallorca.eu\/wp-content\/uploads\/2023\/02\/apple-touch-icon.png","contentUrl":"https:\/\/dentist-zahnarzt-mallorca.eu\/wp-content\/uploads\/2023\/02\/apple-touch-icon.png","width":180,"height":180,"caption":"Zahnarztpraxis Holistic Dentistry Mallorca"},"image":{"@id":"https:\/\/dentist-zahnarzt-mallorca.eu\/#\/schema\/logo\/image\/"}}]}},"_links":{"self":[{"href":"https:\/\/dentist-zahnarzt-mallorca.eu\/es\/wp-json\/wp\/v2\/pages\/2137"}],"collection":[{"href":"https:\/\/dentist-zahnarzt-mallorca.eu\/es\/wp-json\/wp\/v2\/pages"}],"about":[{"href":"https:\/\/dentist-zahnarzt-mallorca.eu\/es\/wp-json\/wp\/v2\/types\/page"}],"author":[{"embeddable":true,"href":"https:\/\/dentist-zahnarzt-mallorca.eu\/es\/wp-json\/wp\/v2\/users\/1"}],"replies":[{"embeddable":true,"href":"https:\/\/dentist-zahnarzt-mallorca.eu\/es\/wp-json\/wp\/v2\/comments?post=2137"}],"version-history":[{"count":1,"href":"https:\/\/dentist-zahnarzt-mallorca.eu\/es\/wp-json\/wp\/v2\/pages\/2137\/revisions"}],"predecessor-version":[{"id":2139,"href":"https:\/\/dentist-zahnarzt-mallorca.eu\/es\/wp-json\/wp\/v2\/pages\/2137\/revisions\/2139"}],"up":[{"embeddable":true,"href":"https:\/\/dentist-zahnarzt-mallorca.eu\/es\/wp-json\/wp\/v2\/pages\/2119"}],"wp:featuredmedia":[{"embeddable":true,"href":"https:\/\/dentist-zahnarzt-mallorca.eu\/es\/wp-json\/wp\/v2\/media\/1688"}],"wp:attachment":[{"href":"https:\/\/dentist-zahnarzt-mallorca.eu\/es\/wp-json\/wp\/v2\/media?parent=2137"}],"curies":[{"name":"wp","href":"https:\/\/api.w.org\/{rel}","templated":true}]}}

<p><strong>¿Problemas dentales en Mallorca? No hay problema. También atendemos a turistas con seguro médico alemán obligatorio.</strong></p>
<p>Por supuesto, le ayudaremos de forma rápida y directa en caso de molestias dentales agudas para que pueda seguir disfrutando de sus vacaciones con unos dientes bonitos y sanos. Su bienestar es nuestra prioridad. Recibirá una factura que sólo tendrá que presentar en su domicilio a su compañía de seguros médicos.</p>

<p>¿Problemas dentales en Mallorca? No hay problema. También atendemos a turistas con seguro médico alemán obligatorio. Por supuesto, le ayudaremos de forma rápida y directa en caso de molestias dentales agudas para que pueda seguir disfrutando de sus vacaciones con unos dientes bonitos y sanos. Su bienestar es nuestra prioridad. Recibirá una factura que sólo</p>

<!-- This site is optimized with the Yoast SEO plugin v20.9 - https://yoast.com/wordpress/plugins/seo/ -->
<title>Servicio dental para veraneantes - Zahnarztpraxis Holistic Dentistry Mallorca</title>
<meta name="robots" content="index, follow, max-snippet:-1, max-image-preview:large, max-video-preview:-1" />
<link rel="canonical" href="https://dentist-zahnarzt-mallorca.eu/es/servicios/servicio-dental-para-veraneantes/" />
<meta property="og:locale" content="es_ES" />
<meta property="og:type" content="article" />
<meta property="og:title" content="Servicio dental para veraneantes - Zahnarztpraxis Holistic Dentistry Mallorca" />
<meta property="og:description" content="¿Problemas dentales en Mallorca? No hay problema. También atendemos a turistas con seguro médico alemán obligatorio. Por supuesto, le ayudaremos de forma rápida y directa en caso de molestias dentales agudas para que pueda seguir disfrutando de sus vacaciones con unos dientes bonitos y sanos. Su bienestar es nuestra prioridad. Recibirá una factura que sólo" />
<meta property="og:url" content="https://dentist-zahnarzt-mallorca.eu/es/servicios/servicio-dental-para-veraneantes/" />
<meta property="og:site_name" content="Zahnarztpraxis Holistic Dentistry Mallorca" />
<meta property="article:modified_time" content="2023-04-05T08:14:20+00:00" />
<meta property="og:image" content="https://dentist-zahnarzt-mallorca.eu/wp-content/uploads/2023/02/Ganzheitliche-Zahnpflege-Dr-Annette-Larws-Mallorca.jpg" />
	<meta property="og:image:width" content="1920" />
	<meta property="og:image:height" content="550" />
	<meta property="og:image:type" content="image/jpeg" />
<meta name="twitter:card" content="summary_large_image" />
<script type="application/ld+json" class="yoast-schema-graph">{"@context":"https://schema.org","@graph":[{"@type":"WebPage","@id":"https://dentist-zahnarzt-mallorca.eu/es/servicios/servicio-dental-para-veraneantes/","url":"https://dentist-zahnarzt-mallorca.eu/es/servicios/servicio-dental-para-veraneantes/","name":"Servicio dental para veraneantes - Zahnarztpraxis Holistic Dentistry Mallorca","isPartOf":{"@id":"https://dentist-zahnarzt-mallorca.eu/#website"},"datePublished":"2021-04-10T16:25:13+00:00","dateModified":"2023-04-05T08:14:20+00:00","breadcrumb":{"@id":"https://dentist-zahnarzt-mallorca.eu/es/servicios/servicio-dental-para-veraneantes/#breadcrumb"},"inLanguage":"es","potentialAction":[{"@type":"ReadAction","target":["https://dentist-zahnarzt-mallorca.eu/es/servicios/servicio-dental-para-veraneantes/"]}]},{"@type":"BreadcrumbList","@id":"https://dentist-zahnarzt-mallorca.eu/es/servicios/servicio-dental-para-veraneantes/#breadcrumb","itemListElement":[{"@type":"ListItem","position":1,"name":"Startseite","item":"https://dentist-zahnarzt-mallorca.eu/"},{"@type":"ListItem","position":2,"name":"Servicios","item":"https://dentist-zahnarzt-mallorca.eu/es/servicios/"},{"@type":"ListItem","position":3,"name":"Servicio dental para veraneantes"}]},{"@type":"WebSite","@id":"https://dentist-zahnarzt-mallorca.eu/#website","url":"https://dentist-zahnarzt-mallorca.eu/","name":"Zahnarztpraxis Holistic Dentistry Mallorca","description":"Clinica Dental Mallorca","publisher":{"@id":"https://dentist-zahnarzt-mallorca.eu/#organization"},"potentialAction":[{"@type":"SearchAction","target":{"@type":"EntryPoint","urlTemplate":"https://dentist-zahnarzt-mallorca.eu/?s={search_term_string}"},"query-input":"required name=search_term_string"}],"inLanguage":"es"},{"@type":"Organization","@id":"https://dentist-zahnarzt-mallorca.eu/#organization","name":"Zahnarztpraxis Holistic Dentistry Mallorca","url":"https://dentist-zahnarzt-mallorca.eu/","logo":{"@type":"ImageObject","inLanguage":"es","@id":"https://dentist-zahnarzt-mallorca.eu/#/schema/logo/image/","url":"https://dentist-zahnarzt-mallorca.eu/wp-content/uploads/2023/02/apple-touch-icon.png","contentUrl":"https://dentist-zahnarzt-mallorca.eu/wp-content/uploads/2023/02/apple-touch-icon.png","width":180,"height":180,"caption":"Zahnarztpraxis Holistic Dentistry Mallorca"},"image":{"@id":"https://dentist-zahnarzt-mallorca.eu/#/schema/logo/image/"}}]}</script>
<!-- / Yoast SEO plugin. -->

¿Problemas dentales en Mallorca? No hay problema. También atendemos a turistas con seguro médico alemán obligatorio. Por supuesto, le ayudaremos de forma rápida y directa en caso de molestias dentales agudas para que pueda seguir disfrutando de sus vacaciones con unos dientes bonitos y sanos. Su bienestar es nuestra prioridad. Recibirá una factura que sólo
