{"id":2064,"date":"2014-02-20T11:55:25","date_gmt":"2014-02-20T11:55:25","guid":{"rendered":"https:\/\/dentist-zahnarzt-mallorca.eu\/oferta\/"},"modified":"2023-02-26T15:33:23","modified_gmt":"2023-02-26T15:33:23","slug":"oferta","status":"publish","type":"page","link":"https:\/\/dentist-zahnarzt-mallorca.eu\/es\/oferta\/","title":{"rendered":"Oferta"},"content":{"rendered":"<p>En la sociedad actual, unos dientes blancos y relucientes son signo de salud, fuerza y belleza.<\/p>\n<h3><strong>Ofrecemos limpieza dental profesional a partir de 60,- Euro<\/strong>.<\/h3>\n<p>Como componente principal de la profilaxis dental, nuestra limpieza dental incluye la eliminaci\u00f3n completa de toda la placa y el sarro por encima de las enc\u00edas. A continuaci\u00f3n, se elimina cualquier resto de decoloraci\u00f3n y dep\u00f3sitos en las superficies dentales (flujo de aire) para alisar las superficies dentales y dificultar la adhesi\u00f3n de nueva placa.<\/p>\n<p>Reserve una cita ahora e introduzca \u00ablimpieza dental profesional\u00bb en \u00abmensaje personal\u00bb.<\/p>\n<p>\n<div class=\"wpcf7 no-js\" id=\"wpcf7-f242-o1\" lang=\"de-DE\" dir=\"ltr\">\n<div class=\"screen-reader-response\"><p role=\"status\" aria-live=\"polite\" aria-atomic=\"true\"><\/p> <ul><\/ul><\/div>\n<form action=\"\/es\/wp-json\/wp\/v2\/pages\/2064#wpcf7-f242-o1\" method=\"post\" class=\"wpcf7-form init\" aria-label=\"Kontaktformular\" novalidate=\"novalidate\" data-status=\"init\">\n<div style=\"display: none;\">\n<input type=\"hidden\" name=\"_wpcf7\" value=\"242\" \/>\n<input type=\"hidden\" name=\"_wpcf7_version\" value=\"5.7.7\" \/>\n<input type=\"hidden\" name=\"_wpcf7_locale\" value=\"de_DE\" \/>\n<input type=\"hidden\" name=\"_wpcf7_unit_tag\" value=\"wpcf7-f242-o1\" \/>\n<input type=\"hidden\" name=\"_wpcf7_container_post\" value=\"0\" \/>\n<input type=\"hidden\" name=\"_wpcf7_posted_data_hash\" value=\"\" \/>\n<input type=\"hidden\" name=\"_wpcf7_recaptcha_response\" value=\"\" \/>\n<\/div>\n<p><small>* obligatorio<\/small>\n<\/p>\n<p>* Nombre\n<\/p>\n<p><span class=\"wpcf7-form-control-wrap\" data-name=\"your-name\"><input size=\"40\" class=\"wpcf7-form-control wpcf7-text wpcf7-validates-as-required\" aria-required=\"true\" aria-invalid=\"false\" value=\"\" type=\"text\" name=\"your-name\" \/><\/span>\n<\/p>\n<p>* Correo electronico\n<\/p>\n<p><span class=\"wpcf7-form-control-wrap\" data-name=\"your-email\"><input size=\"40\" class=\"wpcf7-form-control wpcf7-text wpcf7-email wpcf7-validates-as-required wpcf7-validates-as-email\" aria-required=\"true\" aria-invalid=\"false\" value=\"\" type=\"email\" name=\"your-email\" \/><\/span>\n<\/p>\n<p>* Fecha\n<\/p>\n<p><span class=\"wpcf7-form-control-wrap\" data-name=\"date\"><input class=\"wpcf7-form-control wpcf7-date wpcf7-validates-as-required wpcf7-validates-as-date\" aria-required=\"true\" aria-invalid=\"false\" value=\"\" type=\"date\" name=\"date\" \/><\/span>\n<\/p>\n<p>* Mensaje\n<\/p>\n<p><span class=\"wpcf7-form-control-wrap\" data-name=\"your-message\"><textarea cols=\"40\" rows=\"10\" class=\"wpcf7-form-control wpcf7-textarea wpcf7-validates-as-required\" aria-required=\"true\" aria-invalid=\"false\" name=\"your-message\"><\/textarea><\/span>\n<\/p>\n<p><span class=\"wpcf7-form-control-wrap\" data-name=\"acceptance-62\"><span class=\"wpcf7-form-control wpcf7-acceptance\"><span class=\"wpcf7-list-item\"><label><input type=\"checkbox\" name=\"acceptance-62\" value=\"1\" aria-invalid=\"false\" \/><span class=\"wpcf7-list-item-label\"><a href=\"\/dsgvo-datenschutzerklaerung\/\" target=\"blank\">Pol\u00edtica de privacidad aceptada<\/a><\/span><\/label><\/span><\/span><\/span>\n<\/p>\n<p><input class=\"wpcf7-form-control has-spinner wpcf7-submit\" type=\"submit\" value=\"Enviar\" \/>\n<\/p><div class=\"wpcf7-response-output\" aria-hidden=\"true\"><\/div>\n<\/form>\n<\/div>\n\u00ab]<\/p>\n","protected":false},"excerpt":{"rendered":"<p>En la sociedad actual, unos dientes blancos y relucientes son signo de salud, fuerza y belleza. Ofrecemos limpieza dental profesional a partir de 60,- Euro. Como componente principal de la profilaxis dental, nuestra limpieza dental incluye la eliminaci\u00f3n completa de toda la placa y el sarro por encima de las enc\u00edas. A continuaci\u00f3n, se elimina<\/p>\n","protected":false},"author":1,"featured_media":0,"parent":0,"menu_order":0,"comment_status":"open","ping_status":"closed","template":"page-fullwidth.php","meta":[],"yoast_head":"<!-- This site is optimized with the Yoast SEO plugin v20.9 - https:\/\/yoast.com\/wordpress\/plugins\/seo\/ -->\n<title>Oferta - Zahnarztpraxis Holistic Dentistry Mallorca<\/title>\n<meta name=\"description\" content=\"Zahnarztpraxis Holistic Dentistry Mallorca Dientes blancos y brillantes limpieza dental profesional profilaxis dental placa dental\" \/>\n<meta name=\"robots\" content=\"index, follow, max-snippet:-1, max-image-preview:large, max-video-preview:-1\" \/>\n<link rel=\"canonical\" href=\"https:\/\/dentist-zahnarzt-mallorca.eu\/es\/oferta\/\" \/>\n<meta property=\"og:locale\" content=\"es_ES\" \/>\n<meta property=\"og:type\" content=\"article\" \/>\n<meta property=\"og:title\" content=\"Oferta - Zahnarztpraxis Holistic Dentistry Mallorca\" \/>\n<meta property=\"og:description\" content=\"Zahnarztpraxis Holistic Dentistry Mallorca Dientes blancos y brillantes limpieza dental profesional profilaxis dental placa dental\" \/>\n<meta property=\"og:url\" content=\"https:\/\/dentist-zahnarzt-mallorca.eu\/es\/oferta\/\" \/>\n<meta property=\"og:site_name\" content=\"Zahnarztpraxis Holistic Dentistry Mallorca\" \/>\n<meta property=\"article:modified_time\" content=\"2023-02-26T15:33:23+00:00\" \/>\n<meta name=\"twitter:card\" content=\"summary_large_image\" \/>\n<meta name=\"twitter:label1\" content=\"Tiempo de lectura\" \/>\n\t<meta name=\"twitter:data1\" content=\"1 minuto\" \/>\n<script type=\"application\/ld+json\" class=\"yoast-schema-graph\">{\"@context\":\"https:\/\/schema.org\",\"@graph\":[{\"@type\":\"WebPage\",\"@id\":\"https:\/\/dentist-zahnarzt-mallorca.eu\/es\/oferta\/\",\"url\":\"https:\/\/dentist-zahnarzt-mallorca.eu\/es\/oferta\/\",\"name\":\"Oferta - Zahnarztpraxis Holistic Dentistry Mallorca\",\"isPartOf\":{\"@id\":\"https:\/\/dentist-zahnarzt-mallorca.eu\/#website\"},\"datePublished\":\"2014-02-20T11:55:25+00:00\",\"dateModified\":\"2023-02-26T15:33:23+00:00\",\"description\":\"Zahnarztpraxis Holistic Dentistry Mallorca Dientes blancos y brillantes limpieza dental profesional profilaxis dental placa dental\",\"breadcrumb\":{\"@id\":\"https:\/\/dentist-zahnarzt-mallorca.eu\/es\/oferta\/#breadcrumb\"},\"inLanguage\":\"es\",\"potentialAction\":[{\"@type\":\"ReadAction\",\"target\":[\"https:\/\/dentist-zahnarzt-mallorca.eu\/es\/oferta\/\"]}]},{\"@type\":\"BreadcrumbList\",\"@id\":\"https:\/\/dentist-zahnarzt-mallorca.eu\/es\/oferta\/#breadcrumb\",\"itemListElement\":[{\"@type\":\"ListItem\",\"position\":1,\"name\":\"Startseite\",\"item\":\"https:\/\/dentist-zahnarzt-mallorca.eu\/\"},{\"@type\":\"ListItem\",\"position\":2,\"name\":\"Oferta\"}]},{\"@type\":\"WebSite\",\"@id\":\"https:\/\/dentist-zahnarzt-mallorca.eu\/#website\",\"url\":\"https:\/\/dentist-zahnarzt-mallorca.eu\/\",\"name\":\"Zahnarztpraxis Holistic Dentistry Mallorca\",\"description\":\"Clinica Dental Mallorca\",\"publisher\":{\"@id\":\"https:\/\/dentist-zahnarzt-mallorca.eu\/#organization\"},\"potentialAction\":[{\"@type\":\"SearchAction\",\"target\":{\"@type\":\"EntryPoint\",\"urlTemplate\":\"https:\/\/dentist-zahnarzt-mallorca.eu\/?s={search_term_string}\"},\"query-input\":\"required name=search_term_string\"}],\"inLanguage\":\"es\"},{\"@type\":\"Organization\",\"@id\":\"https:\/\/dentist-zahnarzt-mallorca.eu\/#organization\",\"name\":\"Zahnarztpraxis Holistic Dentistry Mallorca\",\"url\":\"https:\/\/dentist-zahnarzt-mallorca.eu\/\",\"logo\":{\"@type\":\"ImageObject\",\"inLanguage\":\"es\",\"@id\":\"https:\/\/dentist-zahnarzt-mallorca.eu\/#\/schema\/logo\/image\/\",\"url\":\"https:\/\/dentist-zahnarzt-mallorca.eu\/wp-content\/uploads\/2023\/02\/apple-touch-icon.png\",\"contentUrl\":\"https:\/\/dentist-zahnarzt-mallorca.eu\/wp-content\/uploads\/2023\/02\/apple-touch-icon.png\",\"width\":180,\"height\":180,\"caption\":\"Zahnarztpraxis Holistic Dentistry Mallorca\"},\"image\":{\"@id\":\"https:\/\/dentist-zahnarzt-mallorca.eu\/#\/schema\/logo\/image\/\"}}]}<\/script>\n<!-- \/ Yoast SEO plugin. -->","yoast_head_json":{"title":"Oferta - Zahnarztpraxis Holistic Dentistry Mallorca","description":"Zahnarztpraxis Holistic Dentistry Mallorca Dientes blancos y brillantes limpieza dental profesional profilaxis dental placa dental","robots":{"index":"index","follow":"follow","max-snippet":"max-snippet:-1","max-image-preview":"max-image-preview:large","max-video-preview":"max-video-preview:-1"},"canonical":"https:\/\/dentist-zahnarzt-mallorca.eu\/es\/oferta\/","og_locale":"es_ES","og_type":"article","og_title":"Oferta - Zahnarztpraxis Holistic Dentistry Mallorca","og_description":"Zahnarztpraxis Holistic Dentistry Mallorca Dientes blancos y brillantes limpieza dental profesional profilaxis dental placa dental","og_url":"https:\/\/dentist-zahnarzt-mallorca.eu\/es\/oferta\/","og_site_name":"Zahnarztpraxis Holistic Dentistry Mallorca","article_modified_time":"2023-02-26T15:33:23+00:00","twitter_card":"summary_large_image","twitter_misc":{"Tiempo de lectura":"1 minuto"},"schema":{"@context":"https:\/\/schema.org","@graph":[{"@type":"WebPage","@id":"https:\/\/dentist-zahnarzt-mallorca.eu\/es\/oferta\/","url":"https:\/\/dentist-zahnarzt-mallorca.eu\/es\/oferta\/","name":"Oferta - Zahnarztpraxis Holistic Dentistry Mallorca","isPartOf":{"@id":"https:\/\/dentist-zahnarzt-mallorca.eu\/#website"},"datePublished":"2014-02-20T11:55:25+00:00","dateModified":"2023-02-26T15:33:23+00:00","description":"Zahnarztpraxis Holistic Dentistry Mallorca Dientes blancos y brillantes limpieza dental profesional profilaxis dental placa dental","breadcrumb":{"@id":"https:\/\/dentist-zahnarzt-mallorca.eu\/es\/oferta\/#breadcrumb"},"inLanguage":"es","potentialAction":[{"@type":"ReadAction","target":["https:\/\/dentist-zahnarzt-mallorca.eu\/es\/oferta\/"]}]},{"@type":"BreadcrumbList","@id":"https:\/\/dentist-zahnarzt-mallorca.eu\/es\/oferta\/#breadcrumb","itemListElement":[{"@type":"ListItem","position":1,"name":"Startseite","item":"https:\/\/dentist-zahnarzt-mallorca.eu\/"},{"@type":"ListItem","position":2,"name":"Oferta"}]},{"@type":"WebSite","@id":"https:\/\/dentist-zahnarzt-mallorca.eu\/#website","url":"https:\/\/dentist-zahnarzt-mallorca.eu\/","name":"Zahnarztpraxis Holistic Dentistry Mallorca","description":"Clinica Dental Mallorca","publisher":{"@id":"https:\/\/dentist-zahnarzt-mallorca.eu\/#organization"},"potentialAction":[{"@type":"SearchAction","target":{"@type":"EntryPoint","urlTemplate":"https:\/\/dentist-zahnarzt-mallorca.eu\/?s={search_term_string}"},"query-input":"required name=search_term_string"}],"inLanguage":"es"},{"@type":"Organization","@id":"https:\/\/dentist-zahnarzt-mallorca.eu\/#organization","name":"Zahnarztpraxis Holistic Dentistry Mallorca","url":"https:\/\/dentist-zahnarzt-mallorca.eu\/","logo":{"@type":"ImageObject","inLanguage":"es","@id":"https:\/\/dentist-zahnarzt-mallorca.eu\/#\/schema\/logo\/image\/","url":"https:\/\/dentist-zahnarzt-mallorca.eu\/wp-content\/uploads\/2023\/02\/apple-touch-icon.png","contentUrl":"https:\/\/dentist-zahnarzt-mallorca.eu\/wp-content\/uploads\/2023\/02\/apple-touch-icon.png","width":180,"height":180,"caption":"Zahnarztpraxis Holistic Dentistry Mallorca"},"image":{"@id":"https:\/\/dentist-zahnarzt-mallorca.eu\/#\/schema\/logo\/image\/"}}]}},"_links":{"self":[{"href":"https:\/\/dentist-zahnarzt-mallorca.eu\/es\/wp-json\/wp\/v2\/pages\/2064"}],"collection":[{"href":"https:\/\/dentist-zahnarzt-mallorca.eu\/es\/wp-json\/wp\/v2\/pages"}],"about":[{"href":"https:\/\/dentist-zahnarzt-mallorca.eu\/es\/wp-json\/wp\/v2\/types\/page"}],"author":[{"embeddable":true,"href":"https:\/\/dentist-zahnarzt-mallorca.eu\/es\/wp-json\/wp\/v2\/users\/1"}],"replies":[{"embeddable":true,"href":"https:\/\/dentist-zahnarzt-mallorca.eu\/es\/wp-json\/wp\/v2\/comments?post=2064"}],"version-history":[{"count":3,"href":"https:\/\/dentist-zahnarzt-mallorca.eu\/es\/wp-json\/wp\/v2\/pages\/2064\/revisions"}],"predecessor-version":[{"id":2079,"href":"https:\/\/dentist-zahnarzt-mallorca.eu\/es\/wp-json\/wp\/v2\/pages\/2064\/revisions\/2079"}],"wp:attachment":[{"href":"https:\/\/dentist-zahnarzt-mallorca.eu\/es\/wp-json\/wp\/v2\/media?parent=2064"}],"curies":[{"name":"wp","href":"https:\/\/api.w.org\/{rel}","templated":true}]}}

<p>En la sociedad actual, unos dientes blancos y relucientes son signo de salud, fuerza y belleza.</p>
<h3><strong>Ofrecemos limpieza dental profesional a partir de 60,- Euro</strong>.</h3>
<p>Como componente principal de la profilaxis dental, nuestra limpieza dental incluye la eliminación completa de toda la placa y el sarro por encima de las encías. A continuación, se elimina cualquier resto de decoloración y depósitos en las superficies dentales (flujo de aire) para alisar las superficies dentales y dificultar la adhesión de nueva placa.</p>
<p>Reserve una cita ahora e introduzca «limpieza dental profesional» en «mensaje personal».</p>
<p>
<div class="wpcf7 no-js" id="wpcf7-f242-o1" lang="de-DE" dir="ltr">
<div class="screen-reader-response"><p role="status" aria-live="polite" aria-atomic="true"></p> <ul></ul></div>
<form action="/es/wp-json/wp/v2/pages/2064#wpcf7-f242-o1" method="post" class="wpcf7-form init" aria-label="Kontaktformular" novalidate="novalidate" data-status="init">
<div style="display: none;">
<input type="hidden" name="_wpcf7" value="242" />
<input type="hidden" name="_wpcf7_version" value="5.7.7" />
<input type="hidden" name="_wpcf7_locale" value="de_DE" />
<input type="hidden" name="_wpcf7_unit_tag" value="wpcf7-f242-o1" />
<input type="hidden" name="_wpcf7_container_post" value="0" />
<input type="hidden" name="_wpcf7_posted_data_hash" value="" />
<input type="hidden" name="_wpcf7_recaptcha_response" value="" />
</div>
<p><small>* obligatorio</small>
</p>
<p>* Nombre
</p>
<p><span class="wpcf7-form-control-wrap" data-name="your-name"><input size="40" class="wpcf7-form-control wpcf7-text wpcf7-validates-as-required" aria-required="true" aria-invalid="false" value="" type="text" name="your-name" /></span>
</p>
<p>* Correo electronico
</p>
<p><span class="wpcf7-form-control-wrap" data-name="your-email"><input size="40" class="wpcf7-form-control wpcf7-text wpcf7-email wpcf7-validates-as-required wpcf7-validates-as-email" aria-required="true" aria-invalid="false" value="" type="email" name="your-email" /></span>
</p>
<p>* Fecha
</p>
<p><span class="wpcf7-form-control-wrap" data-name="date"><input class="wpcf7-form-control wpcf7-date wpcf7-validates-as-required wpcf7-validates-as-date" aria-required="true" aria-invalid="false" value="" type="date" name="date" /></span>
</p>
<p>* Mensaje
</p>
<p><span class="wpcf7-form-control-wrap" data-name="your-message"><textarea cols="40" rows="10" class="wpcf7-form-control wpcf7-textarea wpcf7-validates-as-required" aria-required="true" aria-invalid="false" name="your-message"></textarea></span>
</p>
<p><span class="wpcf7-form-control-wrap" data-name="acceptance-62"><span class="wpcf7-form-control wpcf7-acceptance"><span class="wpcf7-list-item"><label><input type="checkbox" name="acceptance-62" value="1" aria-invalid="false" /><span class="wpcf7-list-item-label"><a href="/dsgvo-datenschutzerklaerung/" target="blank">Política de privacidad aceptada</a></span></label></span></span></span>
</p>
<p><input class="wpcf7-form-control has-spinner wpcf7-submit" type="submit" value="Enviar" />
</p><div class="wpcf7-response-output" aria-hidden="true"></div>
</form>
</div>
«]</p>

<p>En la sociedad actual, unos dientes blancos y relucientes son signo de salud, fuerza y belleza. Ofrecemos limpieza dental profesional a partir de 60,- Euro. Como componente principal de la profilaxis dental, nuestra limpieza dental incluye la eliminación completa de toda la placa y el sarro por encima de las encías. A continuación, se elimina</p>
